{"id":1010,"date":"2021-01-20T11:39:29","date_gmt":"2021-01-20T14:39:29","guid":{"rendered":"http:\/\/nucleoflordavida.com.br\/site\/?page_id=1010"},"modified":"2021-02-05T11:40:40","modified_gmt":"2021-02-05T14:40:40","slug":"psicoterapia-e-psicologia-clinica","status":"publish","type":"page","link":"https:\/\/nucleoflordavida.com.br\/site\/psicoterapia-e-psicologia-clinica\/","title":{"rendered":"Psicoterapia e Psicologia Cl\u00ednica"},"content":{"rendered":"\n\n  <div class=\"banner has-hover\" id=\"banner-478503449\">\n          <div class=\"banner-inner fill\">\n        <div class=\"banner-bg fill\" >\n            <div class=\"bg fill bg-fill \"><\/div>\n                        <div class=\"overlay\"><\/div>            \n                    <\/div><!-- bg-layers -->\n        <div class=\"banner-layers container\">\n            <div class=\"fill banner-link\"><\/div>            \n\n\n        <\/div><!-- .banner-layers -->\n      <\/div><!-- .banner-inner -->\n\n            \n<style scope=\"scope\">\n\n#banner-478503449 {\n  padding-top: 320px;\n  background-color: rgb(255, 255, 255);\n}\n#banner-478503449 .bg.bg-loaded {\n  background-image: url(https:\/\/nucleoflordavida.com.br\/site\/wp-content\/uploads\/2021\/02\/bg-geral-azul.jpg);\n}\n#banner-478503449 .overlay {\n  background-color: rgba(255, 255, 255, 0.06);\n}\n#banner-478503449 .bg {\n  background-position: 47% 95%;\n}\n<\/style>\n  <\/div><!-- .banner -->\n\n\n<div class=\"row row-small\"  id=\"row-18110009\">\n\n<div class=\"col small-12 large-12\"  ><div class=\"col-inner\" style=\"background-color:rgb(255, 255, 255);padding:43px 0px 0px 0px;margin:-135px 0px 0px 0px;\" >\n\n<h1 style=\"text-align: center; font-weight: 300;\"><span style=\"font-size: 200%;\">Psicoterapia e Psicologia Cl\u00ednica<\/span><\/h1>\n<p><img loading=\"lazy\" decoding=\"async\" class=\"aligncenter wp-image-333\" src=\"http:\/\/nucleoflordavida.com.br\/site\/wp-content\/uploads\/2021\/02\/cor_dourado_elemento.png\" alt=\"\" width=\"126\" height=\"40\"><\/p>\n<div class=\"row\"  id=\"row-1640980685\">\n\n<div class=\"col medium-4 small-12 large-4\"  ><div class=\"col-inner\"  >\n\n\n<\/div><\/div>\n<div class=\"col medium-4 small-12 large-4\"  ><div class=\"col-inner\"  >\n\n\t<div class=\"img has-hover x md-x lg-x y md-y lg-y\" id=\"image_272866049\">\n\t\t\t\t\t\t\t\t<div class=\"img-inner dark\" >\n\t\t\t<img loading=\"lazy\" decoding=\"async\" width=\"730\" height=\"305\" src=\"https:\/\/nucleoflordavida.com.br\/site\/wp-content\/uploads\/2020\/11\/Imagem-Artigo-Psicologia.jpg\" class=\"attachment-large size-large\" alt=\"\" srcset=\"https:\/\/nucleoflordavida.com.br\/site\/wp-content\/uploads\/2020\/11\/Imagem-Artigo-Psicologia.jpg 730w, https:\/\/nucleoflordavida.com.br\/site\/wp-content\/uploads\/2020\/11\/Imagem-Artigo-Psicologia-600x251.jpg 600w\" sizes=\"auto, (max-width: 730px) 100vw, 730px\" \/>\t\t\t\t\t\t\n\t\t\t\t\t<\/div>\n\t\t\t\t\t\t\t\t\n<style scope=\"scope\">\n\n#image_272866049 {\n  width: 100%;\n}\n<\/style>\n\t<\/div>\n\t\n\n\n<\/div><\/div>\n<div class=\"col medium-4 small-12 large-4\"  ><div class=\"col-inner\"  >\n\n\n<\/div><\/div>\n\n<\/div>\n\n<\/div><\/div>\n\n\n<style scope=\"scope\">\n\n#row-18110009 > .col > .col-inner {\n  padding: 0px 0 0px 0px;\n}\n<\/style>\n<\/div>\n<div class=\"row\"  id=\"row-857489846\">\n\n<div class=\"col small-12 large-12\"  ><div class=\"col-inner text-center\"  >\n\n<p style=\"text-align: center; color: #8b008b;\"><b>O QUE \u00c9 PSICOTERAPIA?<\/b><\/p>\n<p style=\"text-align: left;\"><span style=\"font-weight: 400;\">A psicoterapia \u00e9 um tratamento, realizado por psic\u00f3logos ou analistas treinados em conceitos da psicologia, que se desenvolve como um trabalho interativo e colaborativo entre cliente\/paciente e psicoterapeuta\/analista.<\/span><\/p>\n<p style=\"text-align: justify;\"><span style=\"font-weight: 400;\">As sess\u00f5es de psicoterapia, s\u00e3o encontros onde acontece o di\u00e1logo e reflex\u00f5es, sobre os temas e quest\u00f5es com as quais a pessoa que busca o tratamento n\u00e3o est\u00e1 conseguindo lidar, havendo uma paralisa\u00e7\u00e3o, bloqueio ou ciclo vicioso, naquela \u00e1rea da vida. O foco do cliente e sua inten\u00e7\u00e3o em resolver a quest\u00e3o, aliado ao olhar experiente e ampliador do psicoterapeuta, criam oportunidades de ressignificar experi\u00eancias, ampliar a vis\u00e3o e desbloquear, curar, experi\u00eancias traum\u00e1ticas. Os temas ou dificuldades que motivam uma pessoa a buscar um suporte psicoterap\u00eautico, variam muito e a psicoterapia, \u00e9 extremamente \u00fatil para ajud\u00e1-lo em v\u00e1rias quest\u00f5es, como: dificuldade relacionais, conjugais, comportamento sexual, estresse, luto, transi\u00e7\u00e3o de carreira, separa\u00e7\u00f5es, orienta\u00e7\u00e3o vocacional, timidez, falta de prop\u00f3sito, entre outros. Al\u00e9m de transtornos espec\u00edficos como: transtornos alimentares, depress\u00e3o, transtorno do estresse p\u00f3s-traum\u00e1tico, ansiedade, fobias, p\u00e2nico, depend\u00eancias, transtorno do d\u00e9ficit de aten\u00e7\u00e3o, suporte a tratamentos oncol\u00f3gicos ou paliativos.<\/span><\/p>\n<p style=\"text-align: justify;\"><span style=\"font-weight: 400;\">O trabalho psicoterap\u00eautico pode ser realizado de forma individual, em casal &#8211; psicoterapia conjugal, em fam\u00edlia \u2013 psicoterapia familiar, ou em grupo \u2013 psicoterapia de grupo. Em todos os casos, o trabalho psicoterap\u00eautico promove mudan\u00e7as no comportamento, traz um novo olhar para as antigas experi\u00eancias, amplia horizontes e vai permitindo ao paciente, encontrar um centramento e um lugar de paz em si mesmo, que surge a partir de um conhecimento mais profundo e da aceita\u00e7\u00e3o de si mesmo, o que o fortalece para lidar com os desafios e reconhecer as oportunidades de crescimento nas diversas \u00e1reas e experi\u00eancias de sua vida.<\/span><\/p>\n<p style=\"text-align: left;\"><span style=\"font-weight: bold;\">Profissionais:<\/span><\/p>\n\n<\/div><\/div>\n\n<\/div>\n<div class=\"row\"  id=\"row-55127850\">\n\n<div class=\"col small-12 large-12\"  ><div class=\"col-inner\"  >\n\n\t<section class=\"section\" id=\"section_1363058238\">\n\t\t<div class=\"bg section-bg fill bg-fill  bg-loaded\" >\n\n\t\t\t\n\t\t\t\n\t\t\t\n\n\t\t<\/div><!-- .section-bg -->\n\n\t\t<div class=\"section-content relative\">\n\t\t\t\n\n<div class=\"row row-small\"  id=\"row-1227464169\">\n\n<div class=\"col medium-6 small-12 large-6\"  ><div class=\"col-inner\"  >\n\n<div class=\"row\"  id=\"row-2068180291\">\n\n<div class=\"col medium-5 small-12 large-5\"  ><div class=\"col-inner\"  >\n\n\t<div class=\"img has-hover x md-x lg-x y md-y lg-y\" id=\"image_516401094\">\n\t\t\t\t\t\t\t\t<div class=\"img-inner dark\" >\n\t\t\t<img loading=\"lazy\" decoding=\"async\" width=\"600\" height=\"601\" src=\"https:\/\/nucleoflordavida.com.br\/site\/wp-content\/uploads\/2021\/01\/flavia.png\" class=\"attachment-large size-large\" alt=\"\" srcset=\"https:\/\/nucleoflordavida.com.br\/site\/wp-content\/uploads\/2021\/01\/flavia.png 600w, https:\/\/nucleoflordavida.com.br\/site\/wp-content\/uploads\/2021\/01\/flavia-280x280.png 280w, https:\/\/nucleoflordavida.com.br\/site\/wp-content\/uploads\/2021\/01\/flavia-399x400.png 399w, https:\/\/nucleoflordavida.com.br\/site\/wp-content\/uploads\/2021\/01\/flavia-300x300.png 300w, https:\/\/nucleoflordavida.com.br\/site\/wp-content\/uploads\/2021\/01\/flavia-100x100.png 100w\" sizes=\"auto, (max-width: 600px) 100vw, 600px\" \/>\t\t\t\t\t\t\n\t\t\t\t\t<\/div>\n\t\t\t\t\t\t\t\t\n<style scope=\"scope\">\n\n#image_516401094 {\n  width: 100%;\n}\n<\/style>\n\t<\/div>\n\t\n\n\n<\/div><\/div>\n<div class=\"col medium-7 small-12 large-7\"  ><div class=\"col-inner\"  >\n\n<h3 style=\"margin-bottom: -5px;\"><span style=\"font-size: 140%;\">Fl\u00e1via Garcia<\/span><\/h3>\n<p>Mestre em Psicologia Cl\u00ednica<br \/>\nPsicoterapeuta e fundadora do Flor da Vida N\u00facleo de Evolu\u00e7\u00e3o Humana. <\/p>\n<a href=\"http:\/\/nucleoflordavida.com.br\/site\/flavia-garcia\/\" target=\"_self\" class=\"button primary btPsicoterapia\"  >\n    <span>Conhe\u00e7a<\/span>\n  <\/a>\n\n\n\n<\/div><\/div>\n\n<\/div>\n\n<\/div><\/div>\n<div class=\"col medium-6 small-12 large-6\"  ><div class=\"col-inner\"  >\n\n<div class=\"row\"  id=\"row-847024562\">\n\n<div class=\"col medium-5 small-12 large-5\"  ><div class=\"col-inner\"  >\n\n\t<div class=\"img has-hover x md-x lg-x y md-y lg-y\" id=\"image_735630875\">\n\t\t\t\t\t\t\t\t<div class=\"img-inner dark\" >\n\t\t\t<img loading=\"lazy\" decoding=\"async\" width=\"600\" height=\"601\" src=\"https:\/\/nucleoflordavida.com.br\/site\/wp-content\/uploads\/2021\/02\/fatima.png\" class=\"attachment-large size-large\" alt=\"\" srcset=\"https:\/\/nucleoflordavida.com.br\/site\/wp-content\/uploads\/2021\/02\/fatima.png 600w, https:\/\/nucleoflordavida.com.br\/site\/wp-content\/uploads\/2021\/02\/fatima-280x280.png 280w, https:\/\/nucleoflordavida.com.br\/site\/wp-content\/uploads\/2021\/02\/fatima-399x400.png 399w\" sizes=\"auto, (max-width: 600px) 100vw, 600px\" \/>\t\t\t\t\t\t\n\t\t\t\t\t<\/div>\n\t\t\t\t\t\t\t\t\n<style scope=\"scope\">\n\n#image_735630875 {\n  width: 100%;\n}\n<\/style>\n\t<\/div>\n\t\n\n\n<\/div><\/div>\n<div class=\"col medium-7 small-12 large-7\"  ><div class=\"col-inner\"  >\n\n<h3 style=\"margin-bottom: -5px;\"><span style=\"font-size: 140%;\">F\u00e1tima Carvalho <\/span><\/h3>\n<p>Psic\u00f3loga Cl\u00ednica<br \/>\nCRP: 06\/31278-5<\/p>\n<a href=\"http:\/\/nucleoflordavida.com.br\/site\/fatima-carvalho\/\" target=\"_self\" class=\"button primary btPsicoterapia\"  >\n    <span>Conhe\u00e7a<\/span>\n  <\/a>\n\n\n\n<\/div><\/div>\n\n<\/div>\n\n<\/div><\/div>\n\n\n<style scope=\"scope\">\n\n#row-1227464169 > .col > .col-inner {\n  padding: 0px 0px 0px 0px;\n}\n<\/style>\n<\/div>\n\n\t\t<\/div><!-- .section-content -->\n\n\t\t\n<style scope=\"scope\">\n\n#section_1363058238 {\n  padding-top: 30px;\n  padding-bottom: 30px;\n  background-color: rgb(250, 250, 250);\n}\n<\/style>\n\t<\/section>\n\t\n\n\n<\/div><\/div>\n\n<\/div>\n\t<section class=\"section\" id=\"section_1983305659\">\n\t\t<div class=\"bg section-bg fill bg-fill  \" >\n\n\t\t\t\n\t\t\t<div class=\"section-bg-overlay absolute fill\"><\/div>\n\t\t\t\n\n\t\t<\/div><!-- .section-bg -->\n\n\t\t<div class=\"section-content relative\">\n\t\t\t\n\n<div class=\"row align-equal\"  id=\"row-592225555\">\n\n<div class=\"col small-12 large-12\"  ><div class=\"col-inner\"  >\n\n<div class=\"gap-element\" style=\"display:block; height:auto; padding-top:35px\" class=\"clearfix\"><\/div>\n\n\n  <div class=\"banner has-hover\" id=\"banner-603904090\">\n          <div class=\"banner-inner fill\">\n        <div class=\"banner-bg fill\" >\n            <div class=\"bg fill bg-fill \"><\/div>\n                                    \n                    <\/div><!-- bg-layers -->\n        <div class=\"banner-layers container\">\n            <div class=\"fill banner-link\"><\/div>            \n\n   <div id=\"text-box-271025091\" class=\"text-box banner-layer x50 md-x10 lg-x10 y10 md-y15 lg-y15 res-text\">\n                                <div class=\"text \">\n              \n              <div class=\"text-inner text-center\">\n                  \n\n<div class=\"gap-element\" style=\"display:block; height:auto; padding-top:15px\" class=\"clearfix\"><\/div>\n\n<h3 class=\"uppercase\"><span style=\"font-size: 115%;\"><strong>AGENDE <br \/>SEU HOR\u00c1RIO<\/strong><\/span><\/h3>\n<p>Para agendar um hor\u00e1rio, basta ligar para o n\u00famero abaixo ou preencher o formul\u00e1rio ao lado:<\/p>\n<p><span style=\"font-size: 160%;\">Tel: +55 11 4412-1212 <br \/><img decoding=\"async\" src=\"http:\/\/nucleoflordavida.com.br\/site\/wp-content\/uploads\/2020\/11\/icon-whatsApp.png\" style=\"width:30px; margin-top:-6px\">11 99933-1340<\/span><\/p>\n<div class=\"social-icons follow-icons \" style=\"font-size:62%\"><a href=\"https:\/\/www.facebook.com\/sementeflordavida\" target=\"_blank\" data-label=\"Facebook\"  rel=\"noopener noreferrer nofollow\" class=\"icon button circle is-outline facebook tooltip\" title=\"Follow on Facebook\"><i class=\"icon-facebook\" ><\/i><\/a><a href=\"https:\/\/www.instagram.com\/sementeflordavida\/\" target=\"_blank\" rel=\"noopener noreferrer nofollow\" data-label=\"Instagram\" class=\"icon button circle is-outline  instagram tooltip\" title=\"Follow on Instagram\"><i class=\"icon-instagram\" ><\/i><\/a><\/div>\n\n\n              <\/div>\n           <\/div><!-- text-box-inner -->\n                            \n<style scope=\"scope\">\n\n#text-box-271025091 {\n  margin: 0px 0px 0px 0px;\n  width: 69%;\n}\n#text-box-271025091 .text {\n  font-size: 100%;\n}\n\n\n@media (min-width:550px) {\n\n  #text-box-271025091 {\n    width: 38%;\n  }\n\n}\n<\/style>\n    <\/div><!-- text-box -->\n \n   <div id=\"text-box-1217660010\" class=\"text-box banner-layer x50 md-x90 lg-x90 y90 md-y50 lg-y50 res-text\">\n                                <div class=\"text \">\n              \n              <div class=\"text-inner text-left\">\n                  \n\n[contact-form-7 id=\"438\"]\n\n\n              <\/div>\n           <\/div><!-- text-box-inner -->\n                            \n<style scope=\"scope\">\n\n#text-box-1217660010 {\n  margin: 70px 0px 0px 0px;\n  width: 75%;\n}\n#text-box-1217660010 .text-inner {\n  padding: 0px 0px 0px 0px;\n}\n#text-box-1217660010 .text {\n  font-size: 100%;\n}\n\n\n@media (min-width:550px) {\n\n  #text-box-1217660010 {\n    margin: 0 0px 0px 0px;\n    width: 36%;\n  }\n  #text-box-1217660010 .text-inner {\n    padding: 0 0px 0px 0px;\n  }\n\n}\n<\/style>\n    <\/div><!-- text-box -->\n \n\n        <\/div><!-- .banner-layers -->\n      <\/div><!-- .banner-inner -->\n\n            \n<style scope=\"scope\">\n\n#banner-603904090 {\n  padding-top: 730px;\n  background-color: rgba(255, 255, 255, 0.91);\n}\n\n\n@media (min-width:550px) {\n\n  #banner-603904090 {\n    padding-top: 550px;\n  }\n\n}\n<\/style>\n  <\/div><!-- .banner -->\n\n\n\n<\/div><\/div>\n\n\n<style scope=\"scope\">\n\n<\/style>\n<\/div>\n\n\t\t<\/div><!-- .section-content -->\n\n\t\t\n<style scope=\"scope\">\n\n#section_1983305659 {\n  padding-top: 30px;\n  padding-bottom: 30px;\n}\n#section_1983305659 .section-bg-overlay {\n  background-color: rgba(255, 255, 255, 0.24);\n}\n#section_1983305659 .section-bg.bg-loaded {\n  background-image: url(https:\/\/nucleoflordavida.com.br\/site\/wp-content\/uploads\/2019\/02\/topo-home2-marca-dagua.jpg);\n}\n#section_1983305659 .section-bg {\n  background-position: 26% 58%;\n}\n<\/style>\n\t<\/section>\n\t\n","protected":false},"excerpt":{"rendered":"","protected":false},"author":3,"featured_media":0,"parent":0,"menu_order":0,"comment_status":"closed","ping_status":"closed","template":"page-transparent-header.php","meta":{"footnotes":""},"class_list":["post-1010","page","type-page","status-publish","hentry"],"_links":{"self":[{"href":"https:\/\/nucleoflordavida.com.br\/site\/wp-json\/wp\/v2\/pages\/1010","targetHints":{"allow":["GET"]}}],"collection":[{"href":"https:\/\/nucleoflordavida.com.br\/site\/wp-json\/wp\/v2\/pages"}],"about":[{"href":"https:\/\/nucleoflordavida.com.br\/site\/wp-json\/wp\/v2\/types\/page"}],"author":[{"embeddable":true,"href":"https:\/\/nucleoflordavida.com.br\/site\/wp-json\/wp\/v2\/users\/3"}],"replies":[{"embeddable":true,"href":"https:\/\/nucleoflordavida.com.br\/site\/wp-json\/wp\/v2\/comments?post=1010"}],"version-history":[{"count":20,"href":"https:\/\/nucleoflordavida.com.br\/site\/wp-json\/wp\/v2\/pages\/1010\/revisions"}],"predecessor-version":[{"id":1480,"href":"https:\/\/nucleoflordavida.com.br\/site\/wp-json\/wp\/v2\/pages\/1010\/revisions\/1480"}],"wp:attachment":[{"href":"https:\/\/nucleoflordavida.com.br\/site\/wp-json\/wp\/v2\/media?parent=1010"}],"curies":[{"name":"wp","href":"https:\/\/api.w.org\/{rel}","templated":true}]}}