{"id":578,"date":"2019-03-09T16:46:23","date_gmt":"2019-03-09T19:46:23","guid":{"rendered":"http:\/\/nucleoflordavida.com.br\/site\/?page_id=578"},"modified":"2021-02-05T09:44:14","modified_gmt":"2021-02-05T12:44:14","slug":"canrobert-cesar","status":"publish","type":"page","link":"https:\/\/nucleoflordavida.com.br\/site\/canrobert-cesar\/","title":{"rendered":"Canrobert C\u00e9sar"},"content":{"rendered":"\n\n  <div class=\"banner has-hover\" id=\"banner-1915775826\">\n          <div class=\"banner-inner fill\">\n        <div class=\"banner-bg fill\" >\n            <div class=\"bg fill bg-fill \"><\/div>\n                        <div class=\"overlay\"><\/div>            \n                    <\/div><!-- bg-layers -->\n        <div class=\"banner-layers container\">\n            <div class=\"fill banner-link\"><\/div>            \n\n\n        <\/div><!-- .banner-layers -->\n      <\/div><!-- .banner-inner -->\n\n            \n<style scope=\"scope\">\n\n#banner-1915775826 {\n  padding-top: 320px;\n  background-color: rgb(255, 255, 255);\n}\n#banner-1915775826 .bg.bg-loaded {\n  background-image: url(https:\/\/nucleoflordavida.com.br\/site\/wp-content\/uploads\/2021\/02\/bg-geral-azul.jpg);\n}\n#banner-1915775826 .overlay {\n  background-color: rgba(255, 255, 255, 0.06);\n}\n#banner-1915775826 .bg {\n  background-position: 60% 63%;\n}\n<\/style>\n  <\/div><!-- .banner -->\n\n\n<div class=\"row row-small\"  id=\"row-343351502\">\n\n<div class=\"col small-12 large-12\"  ><div class=\"col-inner\" style=\"background-color:rgb(255, 255, 255);padding:43px 0px 0px 0px;margin:-135px 0px 0px 0px;\" >\n\n<h1 style=\"text-align: center; font-weight: 300;\"><span style=\"font-size: 200%;\">Canrobert C\u00e9sar<\/span><\/h1>\n<p><img loading=\"lazy\" decoding=\"async\" class=\"aligncenter wp-image-333\" src=\"http:\/\/nucleoflordavida.com.br\/site\/wp-content\/uploads\/2021\/02\/cor_dourado_elemento.png\" alt=\"\" width=\"126\" height=\"40\"><\/p>\n\n<\/div><\/div>\n<div class=\"col medium-4 small-12 large-4\"  ><div class=\"col-inner\" style=\"background-color:rgb(255, 255, 255);padding:9px 0px 0px 0px;margin:9px 0px 0px 0px;\" >\n\n\t<div class=\"img has-hover x md-x lg-x y md-y lg-y\" id=\"image_63033520\">\n\t\t\t\t\t\t\t\t<div class=\"img-inner image-cover dark\" style=\"padding-top:200px;\">\n\t\t\t<img loading=\"lazy\" decoding=\"async\" width=\"1020\" height=\"615\" src=\"https:\/\/nucleoflordavida.com.br\/site\/wp-content\/uploads\/2020\/11\/cesar.jpg\" class=\"attachment-large size-large\" alt=\"\" srcset=\"https:\/\/nucleoflordavida.com.br\/site\/wp-content\/uploads\/2020\/11\/cesar.jpg 1195w, https:\/\/nucleoflordavida.com.br\/site\/wp-content\/uploads\/2020\/11\/cesar-664x400.jpg 664w, https:\/\/nucleoflordavida.com.br\/site\/wp-content\/uploads\/2020\/11\/cesar-768x463.jpg 768w, https:\/\/nucleoflordavida.com.br\/site\/wp-content\/uploads\/2020\/11\/cesar-600x362.jpg 600w\" sizes=\"auto, (max-width: 1020px) 100vw, 1020px\" \/>\t\t\t\t\t\t\n\t\t\t\t\t<\/div>\n\t\t\t\t\t\t\t\t\n<style scope=\"scope\">\n\n#image_63033520 {\n  width: 100%;\n}\n<\/style>\n\t<\/div>\n\t\n\n\n<\/div><\/div>\n<div class=\"col medium-8 small-12 large-8\"  ><div class=\"col-inner\" style=\"background-color:rgb(255, 255, 255);padding:9px 0px 0px 0px;margin:9px 0px 0px 0px;\" >\n\n<div class=\"gap-element\" style=\"display:block; height:auto; padding-top:50px\" class=\"clearfix\"><\/div>\n\n<p style=\"text-align: center\">Canrobert Cesar \u00e9 Acupunturista Tradicional herdeiro da Linhagem Taoista &#8220;Agulha de Ouro&#8221;, Gin San (Montanha Dourada) e Long Men (Porta do Drag\u00e3o).<\/p>\n\n<\/div><\/div>\n\n\n<style scope=\"scope\">\n\n#row-343351502 > .col > .col-inner {\n  padding: 0px 0 0px 0px;\n}\n<\/style>\n<\/div>\n<div class=\"row\"  id=\"row-1724258064\">\n\n<div class=\"col small-12 large-12\"  ><div class=\"col-inner text-center\"  >\n\n<ul>\n<li style=\"text-align: left;\">Terapeuta Oriental.<\/li>\n<li style=\"text-align: left;\">Forma\u00e7\u00e3o em Massagem Terap\u00eautica Oriental Shiatsu. CEATA<\/li>\n<li style=\"text-align: left;\">Forma\u00e7\u00e3o em Auriculo Acupuntura Chinesa. ETOSP.<\/li>\n<li style=\"text-align: left;\">Est\u00e1gio em Auriculo Acupuntura no CEREST\/SP.<\/li>\n<li style=\"text-align: left;\">Centro de Refer\u00eancia de Sa\u00fade do Trabalhor do Estado de S\u00e3o Paulo.<\/li>\n<li style=\"text-align: left;\">Forma\u00e7\u00e3o em Qi Gong Medicinal BIYUM SCHOOL M\u00e9todo Nei Qi Jichu Gong.<\/li>\n<li style=\"text-align: left;\">Forma\u00e7\u00e3o em Acupuntura Tradicional Chinesa pelo CEMETRAC.<\/li>\n<li style=\"text-align: left;\">Herdeiro da Linhagem Taoista Agulha de Agulha de Ouro, Mestre Liu Chi Ming.<\/li>\n<li style=\"text-align: left;\">Curso preparat\u00f3rio para exame de certifica\u00e7\u00e3o Internacional em Acupuntura pela WFCMS World Federation of Chinese Medicine Societies.<\/li>\n<li style=\"text-align: left;\">Acupuntur Doctor pela WFCMS World Federation of Chinese Medicine Societies.<\/li>\n<\/ul>\n<div class=\"gap-element\" style=\"display:block; height:auto; padding-top:42px\" class=\"clearfix\"><\/div>\n\n<h1 style=\"text-align: center; font-weight: 300;\"><strong><span style=\"font-size: 115%;\">Atendimentos<\/span><\/strong><\/h1>\n\n<\/div><\/div>\n\n<\/div>\n<div class=\"row\"  id=\"row-1465649140\">\n\n<div class=\"col medium-4 small-12 large-4\"  ><div class=\"col-inner box-shadow-4-hover\" style=\"background-color:rgb(250, 250, 250);\" >\n\n\n<\/div><\/div>\n<div class=\"col medium-4 small-12 large-4\"  ><div class=\"col-inner box-shadow-4-hover\" style=\"background-color:rgb(250, 250, 250);\" >\n\n\t<div class=\"box has-hover has-hover box-push box-text-bottom\" >\n\n\t\t<div class=\"box-image\" >\n\t\t\t\t\t\t<div class=\"image-cover\" style=\"padding-top:140px;\">\n\t\t\t\t<img loading=\"lazy\" decoding=\"async\" width=\"1569\" height=\"937\" src=\"https:\/\/nucleoflordavida.com.br\/site\/wp-content\/uploads\/2019\/02\/medicina-chinesa.jpg\" class=\"attachment- size-\" alt=\"\" srcset=\"https:\/\/nucleoflordavida.com.br\/site\/wp-content\/uploads\/2019\/02\/medicina-chinesa.jpg 1569w, https:\/\/nucleoflordavida.com.br\/site\/wp-content\/uploads\/2019\/02\/medicina-chinesa-670x400.jpg 670w, https:\/\/nucleoflordavida.com.br\/site\/wp-content\/uploads\/2019\/02\/medicina-chinesa-768x459.jpg 768w, https:\/\/nucleoflordavida.com.br\/site\/wp-content\/uploads\/2019\/02\/medicina-chinesa-1340x800.jpg 1340w, https:\/\/nucleoflordavida.com.br\/site\/wp-content\/uploads\/2019\/02\/medicina-chinesa-600x358.jpg 600w\" sizes=\"auto, (max-width: 1569px) 100vw, 1569px\" \/>\t\t\t\t\t\t\t\t\t\t\t<\/div>\n\t\t\t\t\t<\/div><!-- box-image -->\n\n\t\t<div class=\"box-text text-center\" style=\"background-color:rgb(250, 250, 250);padding:20px 10px 10px 10px;\">\n\t\t\t<div class=\"box-text-inner\">\n\t\t\t\t\n\n<h3><span style=\"font-size: 120%; color: #282828;\">Medicina Tradicional Chinesa<\/span><\/h3>\n<p>A Medicina Milenar Chinesa abrange diversas terapias, al\u00e9m da Acupuntura, Moxabust\u00e3o, Fitoterapia, Dietoterapia, Qi Gong e muito mais.<\/p>\n<a href=\"\/site\/medicina-tradicional-chinesa\/\" target=\"_self\" class=\"button primary is-outline is-small\"  style=\"border-radius:99px;\">\n    <span>Conhe\u00e7a<\/span>\n  <\/a>\n\n\n\n\t\t\t<\/div><!-- box-text-inner -->\n\t\t<\/div><!-- box-text -->\n\t<\/div><!-- .box  -->\n\t\n\n<\/div><\/div>\n<div class=\"col medium-4 small-12 large-4\"  ><div class=\"col-inner box-shadow-4-hover\" style=\"background-color:rgb(250, 250, 250);\" >\n\n\n<\/div><\/div>\n\n<\/div>\n<div class=\"gap-element\" style=\"display:block; height:auto; padding-top:60px\" class=\"clearfix\"><\/div>\n\n\t<section class=\"section\" id=\"section_233709738\">\n\t\t<div class=\"bg section-bg fill bg-fill  \" >\n\n\t\t\t\n\t\t\t<div class=\"section-bg-overlay absolute fill\"><\/div>\n\t\t\t\n\n\t\t<\/div><!-- .section-bg -->\n\n\t\t<div class=\"section-content relative\">\n\t\t\t\n\n<div class=\"row align-equal\"  id=\"row-1696757049\">\n\n<div class=\"col small-12 large-12\"  ><div class=\"col-inner\"  >\n\n<div class=\"gap-element\" style=\"display:block; height:auto; padding-top:35px\" class=\"clearfix\"><\/div>\n\n\n  <div class=\"banner has-hover\" id=\"banner-1885895088\">\n          <div class=\"banner-inner fill\">\n        <div class=\"banner-bg fill\" >\n            <div class=\"bg fill bg-fill \"><\/div>\n                                    \n                    <\/div><!-- bg-layers -->\n        <div class=\"banner-layers container\">\n            <div class=\"fill banner-link\"><\/div>            \n\n   <div id=\"text-box-486626644\" class=\"text-box banner-layer x50 md-x10 lg-x10 y10 md-y15 lg-y15 res-text\">\n                                <div class=\"text \">\n              \n              <div class=\"text-inner text-center\">\n                  \n\n<div class=\"gap-element\" style=\"display:block; height:auto; padding-top:15px\" class=\"clearfix\"><\/div>\n\n<h3 class=\"uppercase\"><span style=\"font-size: 115%;\"><strong>AGENDE <br \/>SEU HOR\u00c1RIO<\/strong><\/span><\/h3>\n<p>Para agendar um hor\u00e1rio, basta ligar para o n\u00famero abaixo ou preencher o formul\u00e1rio ao lado:<\/p>\n<p><span style=\"font-size: 160%;\">Tel: +55 11 4412-1212 <br \/><img decoding=\"async\" src=\"http:\/\/nucleoflordavida.com.br\/site\/wp-content\/uploads\/2020\/11\/icon-whatsApp.png\" style=\"width:30px; margin-top:-6px\">11 99933-1340<\/span><\/p>\n<div class=\"social-icons follow-icons \" style=\"font-size:62%\"><a href=\"https:\/\/www.facebook.com\/sementeflordavida\" target=\"_blank\" data-label=\"Facebook\"  rel=\"noopener noreferrer nofollow\" class=\"icon button circle is-outline facebook tooltip\" title=\"Follow on Facebook\"><i class=\"icon-facebook\" ><\/i><\/a><a href=\"https:\/\/www.instagram.com\/sementeflordavida\/\" target=\"_blank\" rel=\"noopener noreferrer nofollow\" data-label=\"Instagram\" class=\"icon button circle is-outline  instagram tooltip\" title=\"Follow on Instagram\"><i class=\"icon-instagram\" ><\/i><\/a><\/div>\n\n\n              <\/div>\n           <\/div><!-- text-box-inner -->\n                            \n<style scope=\"scope\">\n\n#text-box-486626644 {\n  margin: 0px 0px 0px 0px;\n  width: 69%;\n}\n#text-box-486626644 .text {\n  font-size: 100%;\n}\n\n\n@media (min-width:550px) {\n\n  #text-box-486626644 {\n    width: 38%;\n  }\n\n}\n<\/style>\n    <\/div><!-- text-box -->\n \n   <div id=\"text-box-845550674\" class=\"text-box banner-layer x50 md-x90 lg-x90 y90 md-y50 lg-y50 res-text\">\n                                <div class=\"text \">\n              \n              <div class=\"text-inner text-left\">\n                  \n\n[contact-form-7 id=\"438\"]\n\n\n              <\/div>\n           <\/div><!-- text-box-inner -->\n                            \n<style scope=\"scope\">\n\n#text-box-845550674 {\n  margin: 70px 0px 0px 0px;\n  width: 75%;\n}\n#text-box-845550674 .text-inner {\n  padding: 0px 0px 0px 0px;\n}\n#text-box-845550674 .text {\n  font-size: 100%;\n}\n\n\n@media (min-width:550px) {\n\n  #text-box-845550674 {\n    margin: 0 0px 0px 0px;\n    width: 36%;\n  }\n  #text-box-845550674 .text-inner {\n    padding: 0 0px 0px 0px;\n  }\n\n}\n<\/style>\n    <\/div><!-- text-box -->\n \n\n        <\/div><!-- .banner-layers -->\n      <\/div><!-- .banner-inner -->\n\n            \n<style scope=\"scope\">\n\n#banner-1885895088 {\n  padding-top: 730px;\n  background-color: rgba(255, 255, 255, 0.91);\n}\n\n\n@media (min-width:550px) {\n\n  #banner-1885895088 {\n    padding-top: 550px;\n  }\n\n}\n<\/style>\n  <\/div><!-- .banner -->\n\n\n\n<\/div><\/div>\n\n\n<style scope=\"scope\">\n\n<\/style>\n<\/div>\n\n\t\t<\/div><!-- .section-content -->\n\n\t\t\n<style scope=\"scope\">\n\n#section_233709738 {\n  padding-top: 30px;\n  padding-bottom: 30px;\n}\n#section_233709738 .section-bg-overlay {\n  background-color: rgba(255, 255, 255, 0.24);\n}\n#section_233709738 .section-bg.bg-loaded {\n  background-image: url(https:\/\/nucleoflordavida.com.br\/site\/wp-content\/uploads\/2019\/02\/topo-home2-marca-dagua.jpg);\n}\n#section_233709738 .section-bg {\n  background-position: 26% 58%;\n}\n<\/style>\n\t<\/section>\n\t\n\n\n","protected":false},"excerpt":{"rendered":"","protected":false},"author":1,"featured_media":0,"parent":0,"menu_order":0,"comment_status":"closed","ping_status":"closed","template":"page-transparent-header.php","meta":{"footnotes":""},"class_list":["post-578","page","type-page","status-publish","hentry"],"_links":{"self":[{"href":"https:\/\/nucleoflordavida.com.br\/site\/wp-json\/wp\/v2\/pages\/578","targetHints":{"allow":["GET"]}}],"collection":[{"href":"https:\/\/nucleoflordavida.com.br\/site\/wp-json\/wp\/v2\/pages"}],"about":[{"href":"https:\/\/nucleoflordavida.com.br\/site\/wp-json\/wp\/v2\/types\/page"}],"author":[{"embeddable":true,"href":"https:\/\/nucleoflordavida.com.br\/site\/wp-json\/wp\/v2\/users\/1"}],"replies":[{"embeddable":true,"href":"https:\/\/nucleoflordavida.com.br\/site\/wp-json\/wp\/v2\/comments?post=578"}],"version-history":[{"count":13,"href":"https:\/\/nucleoflordavida.com.br\/site\/wp-json\/wp\/v2\/pages\/578\/revisions"}],"predecessor-version":[{"id":1467,"href":"https:\/\/nucleoflordavida.com.br\/site\/wp-json\/wp\/v2\/pages\/578\/revisions\/1467"}],"wp:attachment":[{"href":"https:\/\/nucleoflordavida.com.br\/site\/wp-json\/wp\/v2\/media?parent=578"}],"curies":[{"name":"wp","href":"https:\/\/api.w.org\/{rel}","templated":true}]}}