{"id":651,"date":"2019-03-10T13:48:58","date_gmt":"2019-03-10T16:48:58","guid":{"rendered":"http:\/\/nucleoflordavida.com.br\/site\/?page_id=651"},"modified":"2021-02-17T15:48:02","modified_gmt":"2021-02-17T18:48:02","slug":"eventos","status":"publish","type":"page","link":"https:\/\/nucleoflordavida.com.br\/site\/eventos\/","title":{"rendered":"Eventos"},"content":{"rendered":"\n\n  <div class=\"banner has-hover\" id=\"banner-758441054\">\n          <div class=\"banner-inner fill\">\n        <div class=\"banner-bg fill\" >\n            <div class=\"bg fill bg-fill \"><\/div>\n                        <div class=\"overlay\"><\/div>            \n                    <\/div><!-- bg-layers -->\n        <div class=\"banner-layers container\">\n            <div class=\"fill banner-link\"><\/div>            \n\n\n        <\/div><!-- .banner-layers -->\n      <\/div><!-- .banner-inner -->\n\n            \n<style scope=\"scope\">\n\n#banner-758441054 {\n  padding-top: 320px;\n  background-color: rgb(255, 255, 255);\n}\n#banner-758441054 .bg.bg-loaded {\n  background-image: url(https:\/\/nucleoflordavida.com.br\/site\/wp-content\/uploads\/2021\/02\/bg-geral-azul.jpg);\n}\n#banner-758441054 .overlay {\n  background-color: rgba(255, 255, 255, 0.06);\n}\n#banner-758441054 .bg {\n  background-position: 67% 56%;\n}\n<\/style>\n  <\/div><!-- .banner -->\n\n\n<div class=\"row row-small\"  id=\"row-740483753\">\n\n<div class=\"col small-12 large-12\"  ><div class=\"col-inner\" style=\"background-color:rgb(255, 255, 255);padding:43px 0px 0px 0px;margin:-135px 0px 0px 0px;\" >\n\n<h1 style=\"text-align: center; font-weight: 300;\"><span style=\"font-size: 200%;\">Pr\u00f3ximos Eventos<\/span><\/h1>\n<p><img loading=\"lazy\" decoding=\"async\" class=\"aligncenter wp-image-333\" src=\"http:\/\/nucleoflordavida.com.br\/site\/wp-content\/uploads\/2019\/02\/separador-1.jpg\" alt=\"\" width=\"126\" height=\"40\" \/><\/p>\n<div class=\"gap-element\" style=\"display:block; height:auto; padding-top:50px\" class=\"clearfix\"><\/div>\n\n<div class=\"row\"  id=\"row-335248079\">\n\n<div class=\"col medium-6 small-12 large-6\"  ><div class=\"col-inner box-shadow-2 box-shadow-4-hover\" style=\"padding:0px 0px 0px 0px;\" >\n\n\t<div class=\"img has-hover x md-x lg-x y md-y lg-y\" id=\"image_292545432\">\n\t\t\t\t\t\t\t\t<div class=\"img-inner image-cover dark\" style=\"padding-top:250px;\">\n\t\t\t<img loading=\"lazy\" decoding=\"async\" width=\"1020\" height=\"573\" src=\"https:\/\/nucleoflordavida.com.br\/site\/wp-content\/uploads\/2021\/02\/jornada-2-1400x786.jpg\" class=\"attachment-large size-large\" alt=\"\" srcset=\"https:\/\/nucleoflordavida.com.br\/site\/wp-content\/uploads\/2021\/02\/jornada-2-1400x786.jpg 1400w, https:\/\/nucleoflordavida.com.br\/site\/wp-content\/uploads\/2021\/02\/jornada-2-712x400.jpg 712w, https:\/\/nucleoflordavida.com.br\/site\/wp-content\/uploads\/2021\/02\/jornada-2-768x431.jpg 768w, https:\/\/nucleoflordavida.com.br\/site\/wp-content\/uploads\/2021\/02\/jornada-2.jpg 1800w\" sizes=\"auto, (max-width: 1020px) 100vw, 1020px\" \/>\t\t\t\t\t\t\n\t\t\t\t\t<\/div>\n\t\t\t\t\t\t\t\t\n<style scope=\"scope\">\n\n#image_292545432 {\n  width: 100%;\n}\n<\/style>\n\t<\/div>\n\t\n\n<div class=\"row\"  id=\"row-2095333212\">\n\n<div class=\"col small-12 large-12\"  ><div class=\"col-inner\" style=\"padding:0px 12px 0px 15px;\" >\n\n<p style=\"text-align: center;\"><span style=\"font-size: 75%; color: #5e5e5e; line-height: 40px;\">JORNADA<br \/><\/span><span style=\"font-size: 180%; line-height: 35px;\">Jornada do Her\u00f3i<br \/><\/span><strong style=\"line-height: 40px;\">Em breve<\/strong><\/p>\n<p style=\"text-align: left;\">Para saber mais, <a href=\"http:\/\/nucleoflordavida.com.br\/site\/jornada-do-heroi\/\"><strong>acesse aqui.\u00a0<\/strong><\/a><\/p>\n<p style=\"text-align: center; margin-bottom: -1px;\">\u00a0<\/p>\n<div class=\"row row-small\"  id=\"row-1712891453\">\n\n<div class=\"col medium-6 small-12 large-6\"  ><div class=\"col-inner\" style=\"margin:0px 0px -51px 0px;\" >\n\n<p style=\"text-align: center; margin-bottom:-1px;\"><span style=\"font-size: 75%; color: #5e5e5e;\">Por Telefone:<\/span><\/p>\n<a class=\"button primary is-outline lowercase expand\"  style=\"border-radius:99px;\">\n    <span>11 99933-1340<\/span>\n  <\/a>\n\n\n\n<\/div><\/div>\n<div class=\"col medium-6 small-12 large-6\"  ><div class=\"col-inner\" style=\"margin:0px 0px -45px 0px;\" >\n\n<p style=\"text-align: center; margin-bottom:-1px;\"><span style=\"font-size: 75%; color: #5e5e5e;\">Por WhatsApp:<\/span><\/p>\n<a href=\"https:\/\/api.whatsapp.com\/send?phone=5511999331340&#038;text=Ol%C3%A1%20Josi%2C%20tudo%20bem%3F%20Gostaria%20de%20me%20inscrever%20para%20a%20Palestra%3A%20F%C3%ADsica%20Qu%C3%A2ntica%20e%20a%20Quinta%20Dimens%C3%A3o%2C%20que%20ocorrer%C3%A1%20no%20dia%2029%2F03%20%C3%A0s%2020hrs.%20Aguardo%20seu%20retorno.\" target=\"_self\" class=\"button primary is-outline lowercase expand\"  style=\"border-radius:99px;\">\n    <span>Clique Aqui<\/span>\n  <\/a>\n\n\n\n<\/div><\/div>\n\n\n<style scope=\"scope\">\n\n#row-1712891453 > .col > .col-inner {\n  padding: 0px 0px 10px 0px;\n}\n<\/style>\n<\/div>\n\n<\/div><\/div>\n\n<\/div>\n\n<\/div><\/div>\n<div class=\"col medium-6 small-12 large-6\"  ><div class=\"col-inner box-shadow-2 box-shadow-4-hover\" style=\"padding:0px 0px 0px 0px;\" >\n\n\t<div class=\"img has-hover x md-x lg-x y md-y lg-y\" id=\"image_960728343\">\n\t\t\t\t\t\t\t\t<div class=\"img-inner image-cover dark\" style=\"padding-top:250px;\">\n\t\t\t<img loading=\"lazy\" decoding=\"async\" width=\"625\" height=\"463\" src=\"https:\/\/nucleoflordavida.com.br\/site\/wp-content\/uploads\/2021\/02\/1.png\" class=\"attachment-large size-large\" alt=\"\" srcset=\"https:\/\/nucleoflordavida.com.br\/site\/wp-content\/uploads\/2021\/02\/1.png 625w, https:\/\/nucleoflordavida.com.br\/site\/wp-content\/uploads\/2021\/02\/1-540x400.png 540w, https:\/\/nucleoflordavida.com.br\/site\/wp-content\/uploads\/2021\/02\/1-600x444.png 600w\" sizes=\"auto, (max-width: 625px) 100vw, 625px\" \/>\t\t\t\t\t\t\n\t\t\t\t\t<\/div>\n\t\t\t\t\t\t\t\t\n<style scope=\"scope\">\n\n#image_960728343 {\n  width: 100%;\n}\n<\/style>\n\t<\/div>\n\t\n\n<div class=\"row\"  id=\"row-1119460976\">\n\n<div class=\"col small-12 large-12\"  ><div class=\"col-inner\" style=\"padding:0px 12px 0px 15px;\" >\n\n<p style=\"text-align: center;\"><span style=\"font-size: 75%; color: #5e5e5e; line-height: 40px;\">LIVE NO INSTAGRAM<br \/><\/span><span style=\"font-size: 180%; line-height: 35px;\">Live &#8211; Jogos de Auto-conhecimento<\/span><\/p>\n<p style=\"text-align: center;\"><strong style=\"line-height: 40px;\">Em breve<\/strong><\/p>\n<p style=\"text-align: left;\">Informa\u00e7\u00f5es do dia e hor\u00e1rio em breve.\u00a0<\/p>\n<p>\u00a0<\/p>\n<div class=\"row row-small\"  id=\"row-2112430153\">\n\n<div class=\"col medium-6 small-12 large-6\"  ><div class=\"col-inner\" style=\"margin:0px 0px -51px 0px;\" >\n\n<p style=\"text-align: center; margin-bottom:-1px;\"><span style=\"font-size: 75%; color: #5e5e5e;\">Por Telefone:<\/span><\/p>\n<a class=\"button primary is-outline lowercase expand\"  style=\"border-radius:99px;\">\n    <span>11 99933-1340<\/span>\n  <\/a>\n\n\n\n<\/div><\/div>\n<div class=\"col medium-6 small-12 large-6\"  ><div class=\"col-inner\" style=\"margin:0px 0px -45px 0px;\" >\n\n<p style=\"text-align: center; margin-bottom:-1px;\"><span style=\"font-size: 75%; color: #5e5e5e;\">Por WhatsApp:<\/span><\/p>\n<a href=\"https:\/\/api.whatsapp.com\/send?phone=5511999331340&#038;text=Ol%C3%A1%20Josi%2C%20tudo%20bem%3F%20Gostaria%20de%20me%20inscrever%20para%20a%20Palestra%3A%20Os%20Florais%20e%20a%20Alquimia%20Cl%C3%A1ssica%2C%20que%20ocorrer%C3%A1%20no%20dia%2013%2F04%20%C3%A0s%2019hrs.%20Aguardo%20seu%20retorno.\" target=\"_self\" class=\"button primary is-outline lowercase expand\"  style=\"border-radius:99px;\">\n    <span>Clique Aqui<\/span>\n  <\/a>\n\n\n\n<\/div><\/div>\n\n\n<style scope=\"scope\">\n\n#row-2112430153 > .col > .col-inner {\n  padding: 0px 0px 10px 0px;\n}\n<\/style>\n<\/div>\n\n<\/div><\/div>\n\n<\/div>\n\n<\/div><\/div>\n\n<\/div>\n<div class=\"row\"  id=\"row-1034001218\">\n\n<div class=\"col medium-6 small-12 large-6\"  ><div class=\"col-inner box-shadow-2 box-shadow-4-hover\" style=\"padding:0px 0px 0px 0px;\" >\n\n\t<div class=\"img has-hover x md-x lg-x y md-y lg-y\" id=\"image_208878966\">\n\t\t\t\t\t\t\t\t<div class=\"img-inner image-cover dark\" style=\"padding-top:250px;\">\n\t\t\t<img loading=\"lazy\" decoding=\"async\" width=\"480\" height=\"332\" src=\"https:\/\/nucleoflordavida.com.br\/site\/wp-content\/uploads\/2021\/01\/woman-1.png\" class=\"attachment-large size-large\" alt=\"\" \/>\t\t\t\t\t\t\n\t\t\t\t\t<\/div>\n\t\t\t\t\t\t\t\t\n<style scope=\"scope\">\n\n#image_208878966 {\n  width: 100%;\n}\n<\/style>\n\t<\/div>\n\t\n\n<div class=\"row\"  id=\"row-2064024076\">\n\n<div class=\"col small-12 large-12\"  ><div class=\"col-inner\" style=\"padding:0px 12px 0px 15px;\" >\n\n<p style=\"text-align: center;\"><span style=\"font-size: 75%; color: #5e5e5e; line-height: 40px;\"><br \/><\/span><span style=\"font-size: 180%; line-height: 35px;\">Encontro com Mulheres S\u00e1bias<br \/><\/span><strong style=\"line-height: 40px;\">Em breve<\/strong><\/p>\n<p style=\"text-align: left;\">Um trabalho de c\u00edrculo de mulheres que se encontram na fase do climat\u00e9rio e menopausa, para trocarem experi\u00eancias.<\/p>\n<p style=\"text-align: left;\">\u00a0Ao longo de 9 encontros, de 2hs e meia, realizamos um percurso pelas principais quest\u00f5es deste per\u00edodo, abordando os aspectos biol\u00f3gicos, emocionais, sociais e espirituais.\u00a0<\/p>\n<p style=\"text-align: center; margin-bottom: -1px;\">\u00a0<\/p>\n<div class=\"row row-small\"  id=\"row-226883351\">\n\n<div class=\"col medium-6 small-12 large-6\"  ><div class=\"col-inner\" style=\"margin:0px 0px -51px 0px;\" >\n\n<p style=\"text-align: center; margin-bottom:-1px;\"><span style=\"font-size: 75%; color: #5e5e5e;\">Por Telefone:<\/span><\/p>\n<a class=\"button primary is-outline lowercase expand\"  style=\"border-radius:99px;\">\n    <span>11 99933-1340<\/span>\n  <\/a>\n\n\n\n<\/div><\/div>\n<div class=\"col medium-6 small-12 large-6\"  ><div class=\"col-inner\" style=\"margin:0px 0px -45px 0px;\" >\n\n<p style=\"text-align: center; margin-bottom:-1px;\"><span style=\"font-size: 75%; color: #5e5e5e;\">Por WhatsApp:<\/span><\/p>\n<a href=\"https:\/\/api.whatsapp.com\/send?phone=5511999331340&#038;text=Ol%C3%A1%20Josi%2C%20tudo%20bem%3F%20Gostaria%20de%20me%20inscrever%20para%20a%20Palestra%3A%20F%C3%ADsica%20Qu%C3%A2ntica%20e%20a%20Quinta%20Dimens%C3%A3o%2C%20que%20ocorrer%C3%A1%20no%20dia%2029%2F03%20%C3%A0s%2020hrs.%20Aguardo%20seu%20retorno.\" target=\"_self\" class=\"button primary is-outline lowercase expand\"  style=\"border-radius:99px;\">\n    <span>Clique Aqui<\/span>\n  <\/a>\n\n\n\n<\/div><\/div>\n\n\n<style scope=\"scope\">\n\n#row-226883351 > .col > .col-inner {\n  padding: 0px 0px 10px 0px;\n}\n<\/style>\n<\/div>\n\n<\/div><\/div>\n\n<\/div>\n\n<\/div><\/div>\n\n<\/div>\n\n<\/div><\/div>\n\n\n<style scope=\"scope\">\n\n#row-740483753 > .col > .col-inner {\n  padding: 0px 0 0px 0px;\n}\n<\/style>\n<\/div>\n<div class=\"gap-element\" style=\"display:block; height:auto; padding-top:60px\" class=\"clearfix\"><\/div>\n\n\n","protected":false},"excerpt":{"rendered":"","protected":false},"author":1,"featured_media":0,"parent":0,"menu_order":0,"comment_status":"closed","ping_status":"closed","template":"page-transparent-header.php","meta":{"footnotes":""},"class_list":["post-651","page","type-page","status-publish","hentry"],"_links":{"self":[{"href":"https:\/\/nucleoflordavida.com.br\/site\/wp-json\/wp\/v2\/pages\/651","targetHints":{"allow":["GET"]}}],"collection":[{"href":"https:\/\/nucleoflordavida.com.br\/site\/wp-json\/wp\/v2\/pages"}],"about":[{"href":"https:\/\/nucleoflordavida.com.br\/site\/wp-json\/wp\/v2\/types\/page"}],"author":[{"embeddable":true,"href":"https:\/\/nucleoflordavida.com.br\/site\/wp-json\/wp\/v2\/users\/1"}],"replies":[{"embeddable":true,"href":"https:\/\/nucleoflordavida.com.br\/site\/wp-json\/wp\/v2\/comments?post=651"}],"version-history":[{"count":30,"href":"https:\/\/nucleoflordavida.com.br\/site\/wp-json\/wp\/v2\/pages\/651\/revisions"}],"predecessor-version":[{"id":1572,"href":"https:\/\/nucleoflordavida.com.br\/site\/wp-json\/wp\/v2\/pages\/651\/revisions\/1572"}],"wp:attachment":[{"href":"https:\/\/nucleoflordavida.com.br\/site\/wp-json\/wp\/v2\/media?parent=651"}],"curies":[{"name":"wp","href":"https:\/\/api.w.org\/{rel}","templated":true}]}}